 17 divide 188730450?
False
Is 2007773 a multiple of 3?
False
Is 551 a factor of 24385540?
False
Does 64 divide 6716906?
False
Is 49390997 a multiple of 785?
False
Does 530 divide 5368429?
False
Is 1900732828 a multiple of 94?
True
Is 21626296 a multiple of 1500?
False
Is 31145158 a multiple of 4961?
True
Is 1029869511 a multiple of 20?
False
Does 9 divide 37739750?
False
Does 11 divide 36553429?
True
Does 114 divide 18299280?
True
Is 763 a factor of 102609766?
True
Is 3 a factor of 13030219?
False
Is 3732622 a multiple of 2?
True
Does 23 divide 3298361?
True
Is 5833693 a multiple of 11?
False
Is 1137 a factor of 45985763?
False
Is 54565443 a multiple of 87?
True
Is 9218576 a multiple of 70?
False
Does 23 divide 47008213?
False
Is 9038 a factor of 723410558?
True
Does 163 divide 843566275?
False
Is 7953 a factor of 2567045481?
True
Does 6536 divide 360297000?
True
Is 36 a factor of 79951196?
False
Does 1111 divide 30548056?
True
Is 75929850 a multiple of 15?
True
Is 105 a factor of 35833980?
True
Does 5447 divide 4035284383?
False
Is 299593629 a multiple of 444?
False
Is 45738992 a multiple of 208?
True
Does 4 divide 11044872?
True
Is 66 a factor of 1381957038?
True
Is 208 a factor of 3413320?
False
Does 3 divide 571723602?
True
Is 22 a factor of 449629334?
True
Does 60 divide 4254232670?
False
Is 53583230 a multiple of 190?
True
Does 1688 divide 430926144?
True
Is 269 a factor of 81978019?
True
Is 8 a factor of 84815144?
True
Does 14 divide 1028542564?
True
Does 120 divide 89147760?
True
Is 36 a factor of 95039351?
False
Is 46590292 a multiple of 17?
False
Does 247 divide 21493040?
False
Is 244277518 a multiple of 5866?
False
Does 46 divide 668403966?
True
Is 300 a factor of 27902100?
True
Is 1684 a factor of 161517552?
False
Does 275 divide 757050182?
False
Is 2040933730 a multiple of 45?
False
Is 1106 a factor of 1032529526?
True
Is 1139 a factor of 13399196?
True
Is 4768292360 a multiple of 4601?
True
Does 5485 divide 964734106?
False
Is 13094974 a multiple of 49?
False
Does 70 divide 27295170?
True
Is 234 a factor of 20762586?
True
Is 30483244 a multiple of 187?
True
Is 593540110 a multiple of 4717?
True
Is 65 a factor of 16900390?
True
Is 227853595 a multiple of 365?
False
Is 1022 a factor of 25734907?
False
Does 3 divide 260504268?
True
Is 950 a factor of 34891600?
True
Does 7 divide 25389934?
False
Does 6 divide 2498853?
False
Is 113535657 a multiple of 45?
False
Is 498 a factor of 377563680?
True
Does 69 divide 435354327?
True
Does 15 divide 969264711?
False
Is 4 a factor of 1226405?
False
Is 374 a factor of 27769032?
False
Is 5 a factor of 4876680?
True
Is 42300387 a multiple of 209?
False
Is 95 a factor of 779927184?
False
Is 5 a factor of 10006215?
True
Is 58 a factor of 973085372?
True
Does 6 divide 2348796?
True
Is 62 a factor of 130719858?
False
Is 140220306 a multiple of 74?
True
Is 1040482851 a multiple of 3221?
True
Is 3075 a factor of 1541261493?
False
Does 75 divide 216988150?
False
Is 34677555 a multiple of 61?
False
Does 8 divide 410300216?
True
Does 9 divide 19378383?
False
Is 209152929 a multiple of 773?
True
Is 180379540 a multiple of 13?
False
Does 248 divide 1690657416?
True
Is 1127 a factor of 33208182?
True
Is 12 a factor of 1847932?
False
Does 48 divide 654729216?
True
Is 2491370310 a multiple of 143?
True
Does 1377 divide 39124704?
False
Is 403677 a multiple of 14?
False
Is 866 a factor of 1225067848?
True
Is 174 a factor of 22690470?
True
Does 28 divide 15754579?
False
Is 15 a factor of 15239820?
True
Is 5 a factor of 19315220?
True
Is 8529452 a multiple of 413?
False
Is 440916410 a multiple of 341?
True
Does 4511 divide 395777096?
True
Does 8775 divide 2395915278?
False
Does 1229 divide 17410148?
False
Is 25349070 a multiple of 30?
True
Is 462812616 a multiple of 7?
True
Is 7 a factor of 62048094?
False
Does 442 divide 4560382?
False
Is 25 a factor of 507276209?
False
Is 177799899 a multiple of 87?
True
Is 798932 a multiple of 34?
True
Does 195 divide 25134330?
True
Does 951 divide 371164661?
False
Is 1179253944 a multiple of 9834?
True
Is 532758002 a multiple of 2466?
False
Is 12 a factor of 649080853?
False
Does 13 divide 4987423?
False
Is 90374933 a multiple of 319?
True
Is 446429131 a multiple of 391?
False
Is 632242260 a multiple of 36?
True
Is 2382027062 a multiple of 11201?
True
Is 1227370414 a multiple of 7?
False
Does 14 divide 73736012?
True
Does 134 divide 45181413?
False
Does 40 divide 280097235?
False
Is 1047 a factor of 461163714?
True
Is 933359841 a multiple of 81?
True
Is 5 a factor of 5975910?
True
Does 832 divide 6021184?
True
Is 23461596 a multiple of 981?
True
Is 48265979 a multiple of 66?
False
Does 275 divide 191295529?
False
Does 3 divide 533445?
True
Does 1071 divide 1263047436?
True
Does 107 divide 153481845?
False
Does 1178 divide 360690935?
False
Does 4 divide 119061494?
False
Is 195661512 a multiple of 1678?
True
Is 1351914 a multiple of 3?
True
Does 38 divide 8353625408?
False
Is 19072114 a multiple of 382?
True
Is 11402328 a multiple of 3?
True
Is 572812128 a multiple of 126?
True
Does 2247 divide 1479957833?
False
Is 2349133150 a multiple of 2484?
False
Is 16 a factor of 636353008?
True
Is 2031 a factor of 954535473?
True
Does 45 divide 21005055?
True
Is 1061 a factor of 1207192613?
False
Does 11 divide 901612569?
True
Does 4261 divide 311594147?
True
Is 31 a factor of 22346427?
False
Is 1558694 a multiple of 602?
False
Is 121577221 a multiple of 1013?
True
Is 624687711 a multiple of 37?
False
Does 7 divide 158744619?
False
Is 7 a factor of 23518299?
True
Is 181 a factor of 3979017?
False
Does 16 divide 58074800?
True
Is 61 a factor of 43089546?
True
Does 56 divide 35061712?
True
Is 4 a factor of 260927005?
False
Is 91997858 a multiple of 5?
False
Is 418 a factor of 216897216?
False
Does 5 divide 653493769?
False
Does 9 divide 24950682?
True
Is 29 a factor of 49530405?
True
Is 11218001 a multiple of 29?
False
Is 8026 a factor of 861446632?
True
Is 2 a factor of 15288208?
True
Is 42099522 a multiple of 138?
True
Is 36366666 a multiple of 246?
False
Is 19 a factor of 10736501?
True
Is 245 a factor of 28974435?
True
Does 4178 divide 199240464?
True
Does 336 divide 4044072?
False
Is 38 a factor of 2700242?
True
Does 4258 divide 89418000?
True
Does 110 divide 208909580?
True
Is 575795088 a multiple of 792?
True
Does 356 divide 240906227?
False
Is 1327 a factor of 17361226?
False
Does 21 divide 547635039?
True
Is 880210620 a multiple of 41?
False
Is 371262220 a multiple of 1092?
False
Does 193 divide 791777482?
True
Is 660004648 a multiple of 8?
True
Is 486864779 a multiple of 271?
True
Is 252 a factor of 139608756?
True
Is 11627161 a multiple of 419?
False
Is 690 a factor of 678114795?
False
Is 3 a factor of 1445520?
True
Is 32450048 a multiple of 244?
True
Is 34 a factor of 458313514?
False
Is 501273099 a multiple of 9?
True
Is 23 a factor of 202148242?
True
Is 53914760 a multiple of 40?
True
Does 1844 divide 54097428?
True
Is 12 a factor of 163951107?
False
Is 26983080 a multiple of 12?
True
Is 5190 a factor of 401700810?
True
Is 1993 a factor of 19475105?
False
Is 14 a factor of 33193664?
True
Is 10619 a factor of 8960142296?
True
Is 69417264 a multiple of 348?
False
Is 846933924 a multiple of 25?
False
Is 59 a factor of 18389273?
False
Is 1111494377 a multiple of 19?
False
Does 11 divide 191221063?
True
Does 20 divide 699870020?
True
Is 235 a factor of 86019400?
True
Does 59 divide 3275031?
True
Does 19 divide 206342044?
False
Is 1255042371 a multiple of 23?
False
Is 5742 a factor of 51861744?
True
Is 124 a factor of 183291840?
True
Is 11796596 a multiple of 316?
True
Does 1001 divide 2214765553?
True
Is 29 a factor of 1716073794?
False
Is 7418447089 a multiple of 5083?
False
Is 80130944 a multiple of 16?
True
Is 34 a factor of 656479791?
False
Is 40 a factor of 349881640?
True
Is 48 a factor of 44192368?
False
Is 333170913 a multiple of 40?
False
Does 28 divide 27264408?
False
Is 2512 a factor of 55562928?
True
Does 83 divide 834084312?
False
Is 50 a factor of 119943100?
True
Is 374 a factor of 274309677?
False
Does 2764 divide 1184629167?
False
Is 140538400 a multiple of 40?
True
Does 229 divide 1278635033?
False
Is 3 a factor of 253461495?
True
Is 56335055 a multiple of 234